{"id":53,"date":"2021-08-30T00:47:51","date_gmt":"2021-08-30T00:47:51","guid":{"rendered":"https:\/\/asgaardrp.com\/?page_id=53"},"modified":"2021-08-30T00:48:20","modified_gmt":"2021-08-30T00:48:20","slug":"hvad-siger-vores-medlemmer-om-os","status":"publish","type":"page","link":"https:\/\/asgaardrp.com\/index.php\/hvad-er-asgaard-gaming-community\/hvad-siger-vores-medlemmer-om-os\/","title":{"rendered":"Hvad siger vores medlemmer om os?"},"content":{"rendered":"\n<h3 class=\"wp-block-heading\">Det er vigtigt for os, at modtage feedback! Vi er interesserede i at h\u00f8re hvad DU t\u00e6nker!<\/h3>\n\n\n\n<figure class=\"wp-block-pullquote\"><blockquote><p>Charty Medlem siden 14\/06\/2020<\/p><cite>Asgaard godt?<br>Hvad g\u00f8r dem specielle?<br>Jamen nu skal du h\u00f8re. Da jeg f\u00f8rst kom ind p\u00e5 serveren uden nogen form for rp erfaring, der var de utrolige modtagelige overfor mig. Den f\u00f8rste dag inkluderede de mig allerede i et stort scenarie uden at bare dr\u00e6be mig fordi jeg var &#8220;ny&#8221;, som de g\u00f8r p\u00e5 de fleste servere.<br>De SPURGTE mig om jeg havde lyst til at spille en civil i en bank, som de tog til fange mens de r\u00f8vede banken.<br>deres penge og stak af.<br>I de fleste servere der er jeg blevet m\u00f8dt af folk der jager de nye lige s\u00e5 snart de kommer ind, og er blevet kidnappet eller dr\u00e6bt, endda begge dele.. bare fordi jeg var &#8220;ny p\u00e5 serveren&#8221;.<br>Jeg er blevet m\u00f8dt af sex chikaner og diverse ting fordi jeg var en kvinde og ny p\u00e5 serveren\u2026<br>MEN S\u00c5DAN ER ASGAARD SLEEEEET IKKE.<br>Da jeg joinede s\u00e5 var det som om jeg kom ind i en stor varm familie. Det siger bare nok.<br>Asgaard er lille men vokser og de tager meget seri\u00f8st p\u00e5 diverse henvendelser. P\u00e5 Asgaard bliver du IKKE m\u00f8dt af folk der dr\u00e6ber dig lige s\u00e5 snart du kommer ind eller folk der jager dig bare fordi du er ny.. eller kidnapning. Du bliver m\u00f8dt af k\u00e6rlige mennesker, unge som \u00e6ldre. Ingen forskelsbehandling p\u00e5 k\u00f8n.<br>Som piger bliver du IKKE m\u00f8dt af sex chikaner. Du bliver respekteret lige meget hvem du er! (Indg\u00e5r ogs\u00e5 k\u00f8n, sexualitet, kultur osv ) og du kan v\u00e6re dig selv og ogs\u00e5 have det sjovt med jokes og diverse. Med respekt. Det er en stor bl\u00f8d bj\u00f8rne familie som jeg elsker har aldrig haft det s\u00e5 sjovt som jeg har med dem. Jeg h\u00e5ber at i ville joine s\u00e5 vi kan f\u00e5 flere som os K\u00c6MPE bj\u00f8rne kram<br>Tilf\u00f8jelse: asgaard er ikke bare en server men en familie, et f\u00e6llesskab. Hvis man har en d\u00e5rlig dag s\u00e5 ville der altid v\u00e6re 1-2 der sp\u00f8rger om du er okay. Hvilket fort\u00e6ller meget om personerne herinde. De er her som en familie and they fucking Care about you<\/cite><\/blockquote><\/figure>\n\n\n\n<figure class=\"wp-block-pullquote is-style-default\" style=\"border-color:#0693e3\"><blockquote class=\"has-text-color has-black-color\"><p>GreyBeard Medlem siden 2019<\/p><cite>Asgaard&#8230; Hvad har Asgaard RP og ikke mindst f\u00e6lleskabet tilbydet mig. <br>Jov f\u00f8rste gang jeg kom ind p\u00e5 serveren &amp; community&#8217;et var jeg meget usikker og meget nerv\u00f8s for at komme til og lave fejl. <br>Jeg l\u00e6rte gennem tiden at og v\u00e6re en del af et f\u00e6lleskab er og self samles om en f\u00e6lles interesse og samtidig ha det sjov, hygge, joke &amp; st\u00f8tte hinanden. <br>Jeg endte self med og s\u00f8ge ind som bejtent hvor tingene var self meget uorganiseret men med tiden er jeg utrolig glad for at kunne bidrage med RP som Betjent &amp; civil. <br>Min f\u00f8rste oplevelse p\u00e5 serveren som kadet var at jeg ikke vidste hvordan jeg skulle h\u00e5ndtere tingene og endte derp\u00e5, at blive stukket ned og min betjent endte med og d\u00f8 p\u00e5 stedet. <br>Dette var en meget v\u00e6rdifuld lektion om hvad konsekvensen var dengang og den er der stadig idag self for at Serveren &amp; f\u00e6lleskabet ikke er det samme som alle andre servere. <br>Jeg har nu pr\u00f8vet lidt af hvert men jeg m\u00e5 virkelig indr\u00f8mme at i min tid p\u00e5 server &amp; her i f\u00e6lleskabet har jeg oplevet k\u00e6mpe st\u00f8tte og gl\u00e6de ved og v\u00e6re en del af dette super st\u00e6rke f\u00e6lleskab. <br>F\u00e6lleskabet &amp; serveren gir dig mulighed for at man kan hygge sig og ha det sjov. Stedet ser jeg som en sand familie-, broder &amp; s\u00f8sterskab<\/cite><\/blockquote><\/figure>\n\n\n\n<p><\/p>\n\n\n\n<p><\/p>\n","protected":false},"excerpt":{"rendered":"<p>Det er vigtigt for os, at modtage feedback! Vi er interesserede i at h\u00f8re hvad DU t\u00e6nker! Charty Medlem siden 14\/06\/2020 Asgaard godt?Hvad g\u00f8r dem specielle?Jamen nu skal du h\u00f8re. Da jeg f\u00f8rst kom ind p\u00e5 serveren uden nogen form for rp erfaring, der var de utrolige modtagelige overfor mig. Den f\u00f8rste dag inkluderede de [&hellip;]<\/p>\n","protected":false},"author":1,"featured_media":0,"parent":12,"menu_order":0,"comment_status":"closed","ping_status":"closed","template":"","meta":{"footnotes":""},"class_list":["post-53","page","type-page","status-publish","hentry"],"yoast_head":"<!-- This site is optimized with the Yoast SEO plugin v23.4 - https:\/\/yoast.com\/wordpress\/plugins\/seo\/ -->\n<title>Hvad siger vores medlemmer om os? - Asgaard Gaming Community<\/title>\n<meta name=\"robots\" content=\"index, follow, max-snippet:-1, max-image-preview:large, max-video-preview:-1\" \/>\n<link rel=\"canonical\" href=\"https:\/\/asgaardrp.com\/index.php\/hvad-er-asgaard-gaming-community\/hvad-siger-vores-medlemmer-om-os\/\" \/>\n<meta property=\"og:locale\" content=\"da_DK\" \/>\n<meta property=\"og:type\" content=\"article\" \/>\n<meta property=\"og:title\" content=\"Hvad siger vores medlemmer om os? - Asgaard Gaming Community\" \/>\n<meta property=\"og:description\" content=\"Det er vigtigt for os, at modtage feedback! Vi er interesserede i at h\u00f8re hvad DU t\u00e6nker! Charty Medlem siden 14\/06\/2020 Asgaard godt?Hvad g\u00f8r dem specielle?Jamen nu skal du h\u00f8re. Da jeg f\u00f8rst kom ind p\u00e5 serveren uden nogen form for rp erfaring, der var de utrolige modtagelige overfor mig. Den f\u00f8rste dag inkluderede de [&hellip;]\" \/>\n<meta property=\"og:url\" content=\"https:\/\/asgaardrp.com\/index.php\/hvad-er-asgaard-gaming-community\/hvad-siger-vores-medlemmer-om-os\/\" \/>\n<meta property=\"og:site_name\" content=\"Asgaard Gaming Community\" \/>\n<meta property=\"article:modified_time\" content=\"2021-08-30T00:48:20+00:00\" \/>\n<meta name=\"twitter:card\" content=\"summary_large_image\" \/>\n<meta name=\"twitter:label1\" content=\"Estimeret l\u00e6setid\" \/>\n\t<meta name=\"twitter:data1\" content=\"3 minutter\" \/>\n<script type=\"application\/ld+json\" class=\"yoast-schema-graph\">{\"@context\":\"https:\/\/schema.org\",\"@graph\":[{\"@type\":\"WebPage\",\"@id\":\"https:\/\/asgaardrp.com\/index.php\/hvad-er-asgaard-gaming-community\/hvad-siger-vores-medlemmer-om-os\/\",\"url\":\"https:\/\/asgaardrp.com\/index.php\/hvad-er-asgaard-gaming-community\/hvad-siger-vores-medlemmer-om-os\/\",\"name\":\"Hvad siger vores medlemmer om os? - Asgaard Gaming Community\",\"isPartOf\":{\"@id\":\"https:\/\/asgaardrp.com\/#website\"},\"datePublished\":\"2021-08-30T00:47:51+00:00\",\"dateModified\":\"2021-08-30T00:48:20+00:00\",\"breadcrumb\":{\"@id\":\"https:\/\/asgaardrp.com\/index.php\/hvad-er-asgaard-gaming-community\/hvad-siger-vores-medlemmer-om-os\/#breadcrumb\"},\"inLanguage\":\"da-DK\",\"potentialAction\":[{\"@type\":\"ReadAction\",\"target\":[\"https:\/\/asgaardrp.com\/index.php\/hvad-er-asgaard-gaming-community\/hvad-siger-vores-medlemmer-om-os\/\"]}]},{\"@type\":\"BreadcrumbList\",\"@id\":\"https:\/\/asgaardrp.com\/index.php\/hvad-er-asgaard-gaming-community\/hvad-siger-vores-medlemmer-om-os\/#breadcrumb\",\"itemListElement\":[{\"@type\":\"ListItem\",\"position\":1,\"name\":\"Hjem\",\"item\":\"https:\/\/asgaardrp.com\/\"},{\"@type\":\"ListItem\",\"position\":2,\"name\":\"Hvad er Asgaard Gaming Community?\",\"item\":\"https:\/\/asgaardrp.com\/index.php\/hvad-er-asgaard-gaming-community\/\"},{\"@type\":\"ListItem\",\"position\":3,\"name\":\"Hvad siger vores medlemmer om os?\"}]},{\"@type\":\"WebSite\",\"@id\":\"https:\/\/asgaardrp.com\/#website\",\"url\":\"https:\/\/asgaardrp.com\/\",\"name\":\"Asgaard Gaming Community\",\"description\":\"Velkommen til et f\u00e6llesskab med st\u00e6rkt sammenhold!\",\"publisher\":{\"@id\":\"https:\/\/asgaardrp.com\/#organization\"},\"potentialAction\":[{\"@type\":\"SearchAction\",\"target\":{\"@type\":\"EntryPoint\",\"urlTemplate\":\"https:\/\/asgaardrp.com\/?s={search_term_string}\"},\"query-input\":{\"@type\":\"PropertyValueSpecification\",\"valueRequired\":true,\"valueName\":\"search_term_string\"}}],\"inLanguage\":\"da-DK\"},{\"@type\":\"Organization\",\"@id\":\"https:\/\/asgaardrp.com\/#organization\",\"name\":\"Asgaard Gaming Community\",\"url\":\"https:\/\/asgaardrp.com\/\",\"logo\":{\"@type\":\"ImageObject\",\"inLanguage\":\"da-DK\",\"@id\":\"https:\/\/asgaardrp.com\/#\/schema\/logo\/image\/\",\"url\":\"https:\/\/asgaardrp.com\/wp-content\/uploads\/2021\/08\/cropped-Tri_trans.png\",\"contentUrl\":\"https:\/\/asgaardrp.com\/wp-content\/uploads\/2021\/08\/cropped-Tri_trans.png\",\"width\":500,\"height\":500,\"caption\":\"Asgaard Gaming Community\"},\"image\":{\"@id\":\"https:\/\/asgaardrp.com\/#\/schema\/logo\/image\/\"}}]}<\/script>\n<!-- \/ Yoast SEO plugin. -->","yoast_head_json":{"title":"Hvad siger vores medlemmer om os? - Asgaard Gaming Community","robots":{"index":"index","follow":"follow","max-snippet":"max-snippet:-1","max-image-preview":"max-image-preview:large","max-video-preview":"max-video-preview:-1"},"canonical":"https:\/\/asgaardrp.com\/index.php\/hvad-er-asgaard-gaming-community\/hvad-siger-vores-medlemmer-om-os\/","og_locale":"da_DK","og_type":"article","og_title":"Hvad siger vores medlemmer om os? - Asgaard Gaming Community","og_description":"Det er vigtigt for os, at modtage feedback! Vi er interesserede i at h\u00f8re hvad DU t\u00e6nker! Charty Medlem siden 14\/06\/2020 Asgaard godt?Hvad g\u00f8r dem specielle?Jamen nu skal du h\u00f8re. Da jeg f\u00f8rst kom ind p\u00e5 serveren uden nogen form for rp erfaring, der var de utrolige modtagelige overfor mig. Den f\u00f8rste dag inkluderede de [&hellip;]","og_url":"https:\/\/asgaardrp.com\/index.php\/hvad-er-asgaard-gaming-community\/hvad-siger-vores-medlemmer-om-os\/","og_site_name":"Asgaard Gaming Community","article_modified_time":"2021-08-30T00:48:20+00:00","twitter_card":"summary_large_image","twitter_misc":{"Estimeret l\u00e6setid":"3 minutter"},"schema":{"@context":"https:\/\/schema.org","@graph":[{"@type":"WebPage","@id":"https:\/\/asgaardrp.com\/index.php\/hvad-er-asgaard-gaming-community\/hvad-siger-vores-medlemmer-om-os\/","url":"https:\/\/asgaardrp.com\/index.php\/hvad-er-asgaard-gaming-community\/hvad-siger-vores-medlemmer-om-os\/","name":"Hvad siger vores medlemmer om os? - Asgaard Gaming Community","isPartOf":{"@id":"https:\/\/asgaardrp.com\/#website"},"datePublished":"2021-08-30T00:47:51+00:00","dateModified":"2021-08-30T00:48:20+00:00","breadcrumb":{"@id":"https:\/\/asgaardrp.com\/index.php\/hvad-er-asgaard-gaming-community\/hvad-siger-vores-medlemmer-om-os\/#breadcrumb"},"inLanguage":"da-DK","potentialAction":[{"@type":"ReadAction","target":["https:\/\/asgaardrp.com\/index.php\/hvad-er-asgaard-gaming-community\/hvad-siger-vores-medlemmer-om-os\/"]}]},{"@type":"BreadcrumbList","@id":"https:\/\/asgaardrp.com\/index.php\/hvad-er-asgaard-gaming-community\/hvad-siger-vores-medlemmer-om-os\/#breadcrumb","itemListElement":[{"@type":"ListItem","position":1,"name":"Hjem","item":"https:\/\/asgaardrp.com\/"},{"@type":"ListItem","position":2,"name":"Hvad er Asgaard Gaming Community?","item":"https:\/\/asgaardrp.com\/index.php\/hvad-er-asgaard-gaming-community\/"},{"@type":"ListItem","position":3,"name":"Hvad siger vores medlemmer om os?"}]},{"@type":"WebSite","@id":"https:\/\/asgaardrp.com\/#website","url":"https:\/\/asgaardrp.com\/","name":"Asgaard Gaming Community","description":"Velkommen til et f\u00e6llesskab med st\u00e6rkt sammenhold!","publisher":{"@id":"https:\/\/asgaardrp.com\/#organization"},"potentialAction":[{"@type":"SearchAction","target":{"@type":"EntryPoint","urlTemplate":"https:\/\/asgaardrp.com\/?s={search_term_string}"},"query-input":{"@type":"PropertyValueSpecification","valueRequired":true,"valueName":"search_term_string"}}],"inLanguage":"da-DK"},{"@type":"Organization","@id":"https:\/\/asgaardrp.com\/#organization","name":"Asgaard Gaming Community","url":"https:\/\/asgaardrp.com\/","logo":{"@type":"ImageObject","inLanguage":"da-DK","@id":"https:\/\/asgaardrp.com\/#\/schema\/logo\/image\/","url":"https:\/\/asgaardrp.com\/wp-content\/uploads\/2021\/08\/cropped-Tri_trans.png","contentUrl":"https:\/\/asgaardrp.com\/wp-content\/uploads\/2021\/08\/cropped-Tri_trans.png","width":500,"height":500,"caption":"Asgaard Gaming Community"},"image":{"@id":"https:\/\/asgaardrp.com\/#\/schema\/logo\/image\/"}}]}},"_links":{"self":[{"href":"https:\/\/asgaardrp.com\/index.php\/wp-json\/wp\/v2\/pages\/53","targetHints":{"allow":["GET"]}}],"collection":[{"href":"https:\/\/asgaardrp.com\/index.php\/wp-json\/wp\/v2\/pages"}],"about":[{"href":"https:\/\/asgaardrp.com\/index.php\/wp-json\/wp\/v2\/types\/page"}],"author":[{"embeddable":true,"href":"https:\/\/asgaardrp.com\/index.php\/wp-json\/wp\/v2\/users\/1"}],"replies":[{"embeddable":true,"href":"https:\/\/asgaardrp.com\/index.php\/wp-json\/wp\/v2\/comments?post=53"}],"version-history":[{"count":2,"href":"https:\/\/asgaardrp.com\/index.php\/wp-json\/wp\/v2\/pages\/53\/revisions"}],"predecessor-version":[{"id":55,"href":"https:\/\/asgaardrp.com\/index.php\/wp-json\/wp\/v2\/pages\/53\/revisions\/55"}],"up":[{"embeddable":true,"href":"https:\/\/asgaardrp.com\/index.php\/wp-json\/wp\/v2\/pages\/12"}],"wp:attachment":[{"href":"https:\/\/asgaardrp.com\/index.php\/wp-json\/wp\/v2\/media?parent=53"}],"curies":[{"name":"wp","href":"https:\/\/api.w.org\/{rel}","templated":true}]}}