{"id":34,"date":"2021-08-29T23:39:56","date_gmt":"2021-08-29T23:39:56","guid":{"rendered":"https:\/\/asgaardrp.com\/?page_id=34"},"modified":"2021-08-29T23:39:57","modified_gmt":"2021-08-29T23:39:57","slug":"rettigheder-for-borgerne-paa-vore-rp-server","status":"publish","type":"page","link":"https:\/\/asgaardrp.com\/index.php\/asgaard-gaming-community-fivem\/rettigheder-for-borgerne-paa-vore-rp-server\/","title":{"rendered":"Borger rettigheder"},"content":{"rendered":"\n<h2 class=\"wp-block-heading\">Dette er en r\u00e6kke rettigheder som politiet altid skal respekterer overfor alle borgere. <\/h2>\n\n\n\n<h2 class=\"wp-block-heading\">Hvis en betjent overtr\u00e6der disse, risikerer betjenten at blive suspenderet og potentielt selv blive straffet afh\u00e6ngigt af grovheden af kr\u00e6nkelsen.<\/h2>\n\n\n\n<h3 class=\"wp-block-heading\">1. YTRINGS RETTIGHED<\/h3>\n\n\n\n<p><em>Alle borgere har ret til at m\u00e5tte ytre deres meninger, tilsvarende har alle borgere retten til ikke at udtale sig. <\/em><\/p>\n\n\n\n<p><em>Det er ikke strafbart at tale imod politiet, og politiet m\u00e5 ikke med trusler om h\u00e5ndjern, b\u00f8de eller f\u00e6ngsel tvinge en borger til tavshed. <\/em><\/p>\n\n\n\n<p><em>Politiet kan ikke arresterer nogen for at sige eller ikke sige noget.<\/em> <em>Undtagelsen er hvis borgeren gentagende gange sviner en anden borger eller en betjent til, og forts\u00e6tter efter at den anden borger eller betjenten har bedt f\u00f8rste borger stoppe.<\/em><\/p>\n\n\n\n<h3 class=\"wp-block-heading\">2. PRIVATLIVS RETTIGHED<\/h3>\n\n\n\n<p><em>Politiet m\u00e5 ikke uden begrundelse gennems\u00f8ge en borger, en bil, eller en bygning.<\/em> <\/p>\n\n\n\n<p><em>En betjent skal havde bevismateriale(screenshot\/optagelse) p\u00e5, at der er foreg\u00e5et noget kriminelt f\u00f8r end betjenten m\u00e5 foretage s\u00e5dan en gennems\u00f8gning. At en person eller en bil virker mist\u00e6nkelig er ikke gyldig grund.<\/em> <\/p>\n\n\n\n<p><em>Uden bevismateriale skal politiet s\u00f8ge en dommerkendelse for at m\u00e5tte gennems\u00f8ge en person, n\u00e5r politiet s\u00f8ger denne skal de retf\u00e6rdigg\u00f8re over for dommeren hvorfor de mener det er n\u00f8dvendigt.<\/em><\/p>\n\n\n\n<h3 class=\"wp-block-heading\">3. FORSAMLINGS RETTIGHED<\/h3>\n\n\n\n<p><em>Alle borgere har ret til at forsamles og indg\u00e5 i foreninger som de har lyst. <\/em><\/p>\n\n\n\n<p>P<em>olitiet kan ikke tvinge en forsamling til at opl\u00f8ses imod forsamlingens vilje, medmindre forsamlingen udg\u00f8r en trussel for den offentlige fred.<\/em> <\/p>\n\n\n\n<p><em>Hvis en forsamling udg\u00f8r en trussel for den offentlige fred, skal politiet tre gange bede forsamlingen opl\u00f8ses, og forsamlingen skal tre gange n\u00e6gte at lade sig opl\u00f8se.<\/em><\/p>\n\n\n\n<h3 class=\"wp-block-heading\">4. LIVETS RETTIGHED<\/h3>\n\n\n\n<p><em>Politiet m\u00e5 kun dr\u00e6be en borger hvis en anden borgers liv er i fare, ej heller m\u00e5 politiet udstede livsvarige straffe uden tilladelse fra en dommer.<\/em> <\/p>\n\n\n\n<p><em>Politiet skal altid fors\u00f8ge at finde en fredelig l\u00f8sning, f\u00f8r politiet griber til vold.<\/em> <\/p>\n\n\n\n<p><em>En borger har ret til at b\u00e6re v\u00e5ben for at forsvare sig selv.<\/em><\/p>\n\n\n\n<h3 class=\"wp-block-heading\">5. USKYLDENS RETTIGHED<\/h3>\n\n\n\n<p><em>Politiet skal altid formode en borger er uskyldig indtil det modsatte kan bevises.<\/em> <\/p>\n\n\n\n<p><em>En borger kan kun straffes for en forbrydelse en gang, og hvis en borger mener der ikke er nogen begrundelse for, at straffe dem. Borgeren har ret til en advokat til, at argumenterer p\u00e5 borgerens vegne overfor politiet. <\/em><\/p>\n\n\n\n<p><em>Denne advokat kan enten v\u00e6re et medlem af Ledelsen eller en Repr\u00e6sentant.<\/em> <\/p>\n\n\n\n<p><em>Borgeren kan dog ogs\u00e5, v\u00e6lge en spiller.<\/em><\/p>\n","protected":false},"excerpt":{"rendered":"<p>Dette er en r\u00e6kke rettigheder som politiet altid skal respekterer overfor alle borgere. Hvis en betjent overtr\u00e6der disse, risikerer betjenten at blive suspenderet og potentielt selv blive straffet afh\u00e6ngigt af grovheden af kr\u00e6nkelsen. 1. YTRINGS RETTIGHED Alle borgere har ret til at m\u00e5tte ytre deres meninger, tilsvarende har alle borgere retten til ikke at udtale [&hellip;]<\/p>\n","protected":false},"author":1,"featured_media":0,"parent":29,"menu_order":1,"comment_status":"closed","ping_status":"closed","template":"","meta":{"footnotes":""},"class_list":["post-34","page","type-page","status-publish","hentry"],"yoast_head":"<!-- This site is optimized with the Yoast SEO plugin v23.4 - https:\/\/yoast.com\/wordpress\/plugins\/seo\/ -->\n<title>Borger rettigheder - Asgaard Gaming Community - Rollespils borger rettigheder<\/title>\n<meta name=\"description\" content=\"Asgaard Gaming Community Borger rettigheder - Her kan du l\u00e6se alle rettighederne du har som borger, p\u00e5 vores RP server\" \/>\n<meta name=\"robots\" content=\"index, follow, max-snippet:-1, max-image-preview:large, max-video-preview:-1\" \/>\n<link rel=\"canonical\" href=\"https:\/\/asgaardrp.com\/index.php\/asgaard-gaming-community-fivem\/rettigheder-for-borgerne-paa-vore-rp-server\/\" \/>\n<meta property=\"og:locale\" content=\"da_DK\" \/>\n<meta property=\"og:type\" content=\"article\" \/>\n<meta property=\"og:title\" content=\"Borger rettigheder - Asgaard Gaming Community - Rollespils borger rettigheder\" \/>\n<meta property=\"og:description\" content=\"Asgaard Gaming Community Borger rettigheder - Her kan du l\u00e6se alle rettighederne du har som borger, p\u00e5 vores RP server\" \/>\n<meta property=\"og:url\" content=\"https:\/\/asgaardrp.com\/index.php\/asgaard-gaming-community-fivem\/rettigheder-for-borgerne-paa-vore-rp-server\/\" \/>\n<meta property=\"og:site_name\" content=\"Asgaard Gaming Community\" \/>\n<meta property=\"article:modified_time\" content=\"2021-08-29T23:39:57+00:00\" \/>\n<meta name=\"twitter:card\" content=\"summary_large_image\" \/>\n<meta name=\"twitter:label1\" content=\"Estimeret l\u00e6setid\" \/>\n\t<meta name=\"twitter:data1\" content=\"2 minutter\" \/>\n<script type=\"application\/ld+json\" class=\"yoast-schema-graph\">{\"@context\":\"https:\/\/schema.org\",\"@graph\":[{\"@type\":\"WebPage\",\"@id\":\"https:\/\/asgaardrp.com\/index.php\/asgaard-gaming-community-fivem\/rettigheder-for-borgerne-paa-vore-rp-server\/\",\"url\":\"https:\/\/asgaardrp.com\/index.php\/asgaard-gaming-community-fivem\/rettigheder-for-borgerne-paa-vore-rp-server\/\",\"name\":\"Borger rettigheder - Asgaard Gaming Community - Rollespils borger rettigheder\",\"isPartOf\":{\"@id\":\"https:\/\/asgaardrp.com\/#website\"},\"datePublished\":\"2021-08-29T23:39:56+00:00\",\"dateModified\":\"2021-08-29T23:39:57+00:00\",\"description\":\"Asgaard Gaming Community Borger rettigheder - Her kan du l\u00e6se alle rettighederne du har som borger, p\u00e5 vores RP server\",\"breadcrumb\":{\"@id\":\"https:\/\/asgaardrp.com\/index.php\/asgaard-gaming-community-fivem\/rettigheder-for-borgerne-paa-vore-rp-server\/#breadcrumb\"},\"inLanguage\":\"da-DK\",\"potentialAction\":[{\"@type\":\"ReadAction\",\"target\":[\"https:\/\/asgaardrp.com\/index.php\/asgaard-gaming-community-fivem\/rettigheder-for-borgerne-paa-vore-rp-server\/\"]}]},{\"@type\":\"BreadcrumbList\",\"@id\":\"https:\/\/asgaardrp.com\/index.php\/asgaard-gaming-community-fivem\/rettigheder-for-borgerne-paa-vore-rp-server\/#breadcrumb\",\"itemListElement\":[{\"@type\":\"ListItem\",\"position\":1,\"name\":\"Hjem\",\"item\":\"https:\/\/asgaardrp.com\/\"},{\"@type\":\"ListItem\",\"position\":2,\"name\":\"FiveM\",\"item\":\"https:\/\/asgaardrp.com\/index.php\/asgaard-gaming-community-fivem\/\"},{\"@type\":\"ListItem\",\"position\":3,\"name\":\"Borger rettigheder\"}]},{\"@type\":\"WebSite\",\"@id\":\"https:\/\/asgaardrp.com\/#website\",\"url\":\"https:\/\/asgaardrp.com\/\",\"name\":\"Asgaard Gaming Community\",\"description\":\"Velkommen til et f\u00e6llesskab med st\u00e6rkt sammenhold!\",\"publisher\":{\"@id\":\"https:\/\/asgaardrp.com\/#organization\"},\"potentialAction\":[{\"@type\":\"SearchAction\",\"target\":{\"@type\":\"EntryPoint\",\"urlTemplate\":\"https:\/\/asgaardrp.com\/?s={search_term_string}\"},\"query-input\":{\"@type\":\"PropertyValueSpecification\",\"valueRequired\":true,\"valueName\":\"search_term_string\"}}],\"inLanguage\":\"da-DK\"},{\"@type\":\"Organization\",\"@id\":\"https:\/\/asgaardrp.com\/#organization\",\"name\":\"Asgaard Gaming Community\",\"url\":\"https:\/\/asgaardrp.com\/\",\"logo\":{\"@type\":\"ImageObject\",\"inLanguage\":\"da-DK\",\"@id\":\"https:\/\/asgaardrp.com\/#\/schema\/logo\/image\/\",\"url\":\"https:\/\/asgaardrp.com\/wp-content\/uploads\/2021\/08\/cropped-Tri_trans.png\",\"contentUrl\":\"https:\/\/asgaardrp.com\/wp-content\/uploads\/2021\/08\/cropped-Tri_trans.png\",\"width\":500,\"height\":500,\"caption\":\"Asgaard Gaming Community\"},\"image\":{\"@id\":\"https:\/\/asgaardrp.com\/#\/schema\/logo\/image\/\"}}]}<\/script>\n<!-- \/ Yoast SEO plugin. -->","yoast_head_json":{"title":"Borger rettigheder - Asgaard Gaming Community - Rollespils borger rettigheder","description":"Asgaard Gaming Community Borger rettigheder - Her kan du l\u00e6se alle rettighederne du har som borger, p\u00e5 vores RP server","robots":{"index":"index","follow":"follow","max-snippet":"max-snippet:-1","max-image-preview":"max-image-preview:large","max-video-preview":"max-video-preview:-1"},"canonical":"https:\/\/asgaardrp.com\/index.php\/asgaard-gaming-community-fivem\/rettigheder-for-borgerne-paa-vore-rp-server\/","og_locale":"da_DK","og_type":"article","og_title":"Borger rettigheder - Asgaard Gaming Community - Rollespils borger rettigheder","og_description":"Asgaard Gaming Community Borger rettigheder - Her kan du l\u00e6se alle rettighederne du har som borger, p\u00e5 vores RP server","og_url":"https:\/\/asgaardrp.com\/index.php\/asgaard-gaming-community-fivem\/rettigheder-for-borgerne-paa-vore-rp-server\/","og_site_name":"Asgaard Gaming Community","article_modified_time":"2021-08-29T23:39:57+00:00","twitter_card":"summary_large_image","twitter_misc":{"Estimeret l\u00e6setid":"2 minutter"},"schema":{"@context":"https:\/\/schema.org","@graph":[{"@type":"WebPage","@id":"https:\/\/asgaardrp.com\/index.php\/asgaard-gaming-community-fivem\/rettigheder-for-borgerne-paa-vore-rp-server\/","url":"https:\/\/asgaardrp.com\/index.php\/asgaard-gaming-community-fivem\/rettigheder-for-borgerne-paa-vore-rp-server\/","name":"Borger rettigheder - Asgaard Gaming Community - Rollespils borger rettigheder","isPartOf":{"@id":"https:\/\/asgaardrp.com\/#website"},"datePublished":"2021-08-29T23:39:56+00:00","dateModified":"2021-08-29T23:39:57+00:00","description":"Asgaard Gaming Community Borger rettigheder - Her kan du l\u00e6se alle rettighederne du har som borger, p\u00e5 vores RP server","breadcrumb":{"@id":"https:\/\/asgaardrp.com\/index.php\/asgaard-gaming-community-fivem\/rettigheder-for-borgerne-paa-vore-rp-server\/#breadcrumb"},"inLanguage":"da-DK","potentialAction":[{"@type":"ReadAction","target":["https:\/\/asgaardrp.com\/index.php\/asgaard-gaming-community-fivem\/rettigheder-for-borgerne-paa-vore-rp-server\/"]}]},{"@type":"BreadcrumbList","@id":"https:\/\/asgaardrp.com\/index.php\/asgaard-gaming-community-fivem\/rettigheder-for-borgerne-paa-vore-rp-server\/#breadcrumb","itemListElement":[{"@type":"ListItem","position":1,"name":"Hjem","item":"https:\/\/asgaardrp.com\/"},{"@type":"ListItem","position":2,"name":"FiveM","item":"https:\/\/asgaardrp.com\/index.php\/asgaard-gaming-community-fivem\/"},{"@type":"ListItem","position":3,"name":"Borger rettigheder"}]},{"@type":"WebSite","@id":"https:\/\/asgaardrp.com\/#website","url":"https:\/\/asgaardrp.com\/","name":"Asgaard Gaming Community","description":"Velkommen til et f\u00e6llesskab med st\u00e6rkt sammenhold!","publisher":{"@id":"https:\/\/asgaardrp.com\/#organization"},"potentialAction":[{"@type":"SearchAction","target":{"@type":"EntryPoint","urlTemplate":"https:\/\/asgaardrp.com\/?s={search_term_string}"},"query-input":{"@type":"PropertyValueSpecification","valueRequired":true,"valueName":"search_term_string"}}],"inLanguage":"da-DK"},{"@type":"Organization","@id":"https:\/\/asgaardrp.com\/#organization","name":"Asgaard Gaming Community","url":"https:\/\/asgaardrp.com\/","logo":{"@type":"ImageObject","inLanguage":"da-DK","@id":"https:\/\/asgaardrp.com\/#\/schema\/logo\/image\/","url":"https:\/\/asgaardrp.com\/wp-content\/uploads\/2021\/08\/cropped-Tri_trans.png","contentUrl":"https:\/\/asgaardrp.com\/wp-content\/uploads\/2021\/08\/cropped-Tri_trans.png","width":500,"height":500,"caption":"Asgaard Gaming Community"},"image":{"@id":"https:\/\/asgaardrp.com\/#\/schema\/logo\/image\/"}}]}},"_links":{"self":[{"href":"https:\/\/asgaardrp.com\/index.php\/wp-json\/wp\/v2\/pages\/34","targetHints":{"allow":["GET"]}}],"collection":[{"href":"https:\/\/asgaardrp.com\/index.php\/wp-json\/wp\/v2\/pages"}],"about":[{"href":"https:\/\/asgaardrp.com\/index.php\/wp-json\/wp\/v2\/types\/page"}],"author":[{"embeddable":true,"href":"https:\/\/asgaardrp.com\/index.php\/wp-json\/wp\/v2\/users\/1"}],"replies":[{"embeddable":true,"href":"https:\/\/asgaardrp.com\/index.php\/wp-json\/wp\/v2\/comments?post=34"}],"version-history":[{"count":1,"href":"https:\/\/asgaardrp.com\/index.php\/wp-json\/wp\/v2\/pages\/34\/revisions"}],"predecessor-version":[{"id":35,"href":"https:\/\/asgaardrp.com\/index.php\/wp-json\/wp\/v2\/pages\/34\/revisions\/35"}],"up":[{"embeddable":true,"href":"https:\/\/asgaardrp.com\/index.php\/wp-json\/wp\/v2\/pages\/29"}],"wp:attachment":[{"href":"https:\/\/asgaardrp.com\/index.php\/wp-json\/wp\/v2\/media?parent=34"}],"curies":[{"name":"wp","href":"https:\/\/api.w.org\/{rel}","templated":true}]}}