{"id":12,"date":"2021-08-17T15:35:59","date_gmt":"2021-08-17T15:35:59","guid":{"rendered":"https:\/\/asgaardrp.com\/?page_id=12"},"modified":"2021-08-17T18:01:27","modified_gmt":"2021-08-17T18:01:27","slug":"hvad-er-asgaard-gaming-community","status":"publish","type":"page","link":"https:\/\/asgaardrp.com\/index.php\/hvad-er-asgaard-gaming-community\/","title":{"rendered":"Hvad er Asgaard Gaming Community?"},"content":{"rendered":"\n<h2 class=\"wp-block-heading\">Asgaard Gaming Community er et st\u00e6rkt socialt f\u00e6llesskab, som blev oprettet december 2018.<\/h2>\n\n\n\n<p>Vores f\u00e6llesskab startede med en GTA RP server, kaldet Asgaard RP. <br>Visionen med serveren var, at skabe et sted hvor der var fokus p\u00e5 rollespillets indhold i mods\u00e6tning til ultra realisme! Vi ville give vores spillere et sted, hvor de kunne v\u00e6re kreative og lave nogle sp\u00e6ndende karakterer og fede scenarier.<\/p>\n\n\n\n<h2 class=\"wp-block-heading\">De 3 vigtigste punkter i Asgaard Gaming Community<\/h2>\n\n\n\n<ol class=\"wp-block-list\"><li>Gensidig respekt!<\/li><li>Sammenhold!<\/li><li>Plads til forskellighed!<\/li><\/ol>\n\n\n\n<p>Vi tror p\u00e5, at man kommer l\u00e6ngst hvis man har tillid til hinanden!<br>P\u00e5 Asgaard er du ikke bare er et nummer i r\u00e6kken, vi lytter til hvad du har at sige, om det er ris eller ros!<br>Hos os er alle lige, til dagligt skal du se f\u00e6llesskabets ledelse(Admins og Mods) som ligev\u00e6rdige medlemmer! <br>Ledelsen tr\u00e6der f\u00f8rst i ledelses skoene hvis der er behov for det(fx. ved regelbrud eller support sager), men ikke under hyggesnak i vores voice chat p\u00e5 discorden! <\/p>\n\n\n\n<h2 class=\"wp-block-heading\">Udviklingen fra en simpel FiveM server til et fuldbyrdet gaming community<\/h2>\n\n\n\n<p>Med tiden begyndte vores medlemmer at spille flere  og flere forskellige spil sammen ud over vores rollespil p\u00e5 vore FiveM server s\u00e5 det var kun naturligt, at vi udvidede vores discord til at indbefatte adskillige rum til diverse spil, og oprette specifikke voice chat rum til sociale arrangementer. <br><br>Med tiden har vi \u00e5bnet et par servere til forskellige spil. <br>Servere som Asgaard f\u00e6llesslabet driver:<\/p>\n\n\n\n<ul class=\"wp-block-list\"><li>Asgaard (FiveM RP server) <\/li><li>Helheim (DayZ server) <\/li><li>Asgaard Community Server (Insurgency Sandstorm CO-OP server)<\/li><li>Asgaard (Minecraft  server) <\/li><\/ul>\n\n\n\n<p>Udover gaming afholder vi ogs\u00e5 film aftener hvor medlemmer samles i en voice chat og ser diverse film sammen, eller ser koncerter der er uploadet p\u00e5 YouTube. <br><br>S\u00e5 vi er ikke bare endnu endnu en GTA RP server, vi er mere end det! <br><br><\/p>\n","protected":false},"excerpt":{"rendered":"<p>Asgaard Gaming Community er et st\u00e6rkt socialt f\u00e6llesskab, som blev oprettet december 2018. Vores f\u00e6llesskab startede med en GTA RP server, kaldet Asgaard RP. Visionen med serveren var, at skabe et sted hvor der var fokus p\u00e5 rollespillets indhold i mods\u00e6tning til ultra realisme! Vi ville give vores spillere et sted, hvor de kunne v\u00e6re [&hellip;]<\/p>\n","protected":false},"author":1,"featured_media":0,"parent":0,"menu_order":0,"comment_status":"closed","ping_status":"closed","template":"","meta":{"footnotes":""},"class_list":["post-12","page","type-page","status-publish","hentry"],"yoast_head":"<!-- This site is optimized with the Yoast SEO plugin v23.4 - https:\/\/yoast.com\/wordpress\/plugins\/seo\/ -->\n<title>Hvad er Asgaard Gaming Community? - Asgaard Gaming Community<\/title>\n<meta name=\"description\" content=\"Information ang\u00e5ende vores spil f\u00e6llesskab.\" \/>\n<meta name=\"robots\" content=\"index, follow, max-snippet:-1, max-image-preview:large, max-video-preview:-1\" \/>\n<link rel=\"canonical\" href=\"https:\/\/asgaardrp.com\/index.php\/hvad-er-asgaard-gaming-community\/\" \/>\n<meta property=\"og:locale\" content=\"da_DK\" \/>\n<meta property=\"og:type\" content=\"article\" \/>\n<meta property=\"og:title\" content=\"Hvad er Asgaard Gaming Community? - Asgaard Gaming Community\" \/>\n<meta property=\"og:description\" content=\"Information ang\u00e5ende vores spil f\u00e6llesskab.\" \/>\n<meta property=\"og:url\" content=\"https:\/\/asgaardrp.com\/index.php\/hvad-er-asgaard-gaming-community\/\" \/>\n<meta property=\"og:site_name\" content=\"Asgaard Gaming Community\" \/>\n<meta property=\"article:modified_time\" content=\"2021-08-17T18:01:27+00:00\" \/>\n<meta name=\"twitter:card\" content=\"summary_large_image\" \/>\n<meta name=\"twitter:label1\" content=\"Estimeret l\u00e6setid\" \/>\n\t<meta name=\"twitter:data1\" content=\"2 minutter\" \/>\n<script type=\"application\/ld+json\" class=\"yoast-schema-graph\">{\"@context\":\"https:\/\/schema.org\",\"@graph\":[{\"@type\":\"WebPage\",\"@id\":\"https:\/\/asgaardrp.com\/index.php\/hvad-er-asgaard-gaming-community\/\",\"url\":\"https:\/\/asgaardrp.com\/index.php\/hvad-er-asgaard-gaming-community\/\",\"name\":\"Hvad er Asgaard Gaming Community? - Asgaard Gaming Community\",\"isPartOf\":{\"@id\":\"https:\/\/asgaardrp.com\/#website\"},\"datePublished\":\"2021-08-17T15:35:59+00:00\",\"dateModified\":\"2021-08-17T18:01:27+00:00\",\"description\":\"Information ang\u00e5ende vores spil f\u00e6llesskab.\",\"breadcrumb\":{\"@id\":\"https:\/\/asgaardrp.com\/index.php\/hvad-er-asgaard-gaming-community\/#breadcrumb\"},\"inLanguage\":\"da-DK\",\"potentialAction\":[{\"@type\":\"ReadAction\",\"target\":[\"https:\/\/asgaardrp.com\/index.php\/hvad-er-asgaard-gaming-community\/\"]}]},{\"@type\":\"BreadcrumbList\",\"@id\":\"https:\/\/asgaardrp.com\/index.php\/hvad-er-asgaard-gaming-community\/#breadcrumb\",\"itemListElement\":[{\"@type\":\"ListItem\",\"position\":1,\"name\":\"Hjem\",\"item\":\"https:\/\/asgaardrp.com\/\"},{\"@type\":\"ListItem\",\"position\":2,\"name\":\"Hvad er Asgaard Gaming Community?\"}]},{\"@type\":\"WebSite\",\"@id\":\"https:\/\/asgaardrp.com\/#website\",\"url\":\"https:\/\/asgaardrp.com\/\",\"name\":\"Asgaard Gaming Community\",\"description\":\"Velkommen til et f\u00e6llesskab med st\u00e6rkt sammenhold!\",\"publisher\":{\"@id\":\"https:\/\/asgaardrp.com\/#organization\"},\"potentialAction\":[{\"@type\":\"SearchAction\",\"target\":{\"@type\":\"EntryPoint\",\"urlTemplate\":\"https:\/\/asgaardrp.com\/?s={search_term_string}\"},\"query-input\":{\"@type\":\"PropertyValueSpecification\",\"valueRequired\":true,\"valueName\":\"search_term_string\"}}],\"inLanguage\":\"da-DK\"},{\"@type\":\"Organization\",\"@id\":\"https:\/\/asgaardrp.com\/#organization\",\"name\":\"Asgaard Gaming Community\",\"url\":\"https:\/\/asgaardrp.com\/\",\"logo\":{\"@type\":\"ImageObject\",\"inLanguage\":\"da-DK\",\"@id\":\"https:\/\/asgaardrp.com\/#\/schema\/logo\/image\/\",\"url\":\"https:\/\/asgaardrp.com\/wp-content\/uploads\/2021\/08\/cropped-Tri_trans.png\",\"contentUrl\":\"https:\/\/asgaardrp.com\/wp-content\/uploads\/2021\/08\/cropped-Tri_trans.png\",\"width\":500,\"height\":500,\"caption\":\"Asgaard Gaming Community\"},\"image\":{\"@id\":\"https:\/\/asgaardrp.com\/#\/schema\/logo\/image\/\"}}]}<\/script>\n<!-- \/ Yoast SEO plugin. -->","yoast_head_json":{"title":"Hvad er Asgaard Gaming Community? - Asgaard Gaming Community","description":"Information ang\u00e5ende vores spil f\u00e6llesskab.","robots":{"index":"index","follow":"follow","max-snippet":"max-snippet:-1","max-image-preview":"max-image-preview:large","max-video-preview":"max-video-preview:-1"},"canonical":"https:\/\/asgaardrp.com\/index.php\/hvad-er-asgaard-gaming-community\/","og_locale":"da_DK","og_type":"article","og_title":"Hvad er Asgaard Gaming Community? - Asgaard Gaming Community","og_description":"Information ang\u00e5ende vores spil f\u00e6llesskab.","og_url":"https:\/\/asgaardrp.com\/index.php\/hvad-er-asgaard-gaming-community\/","og_site_name":"Asgaard Gaming Community","article_modified_time":"2021-08-17T18:01:27+00:00","twitter_card":"summary_large_image","twitter_misc":{"Estimeret l\u00e6setid":"2 minutter"},"schema":{"@context":"https:\/\/schema.org","@graph":[{"@type":"WebPage","@id":"https:\/\/asgaardrp.com\/index.php\/hvad-er-asgaard-gaming-community\/","url":"https:\/\/asgaardrp.com\/index.php\/hvad-er-asgaard-gaming-community\/","name":"Hvad er Asgaard Gaming Community? - Asgaard Gaming Community","isPartOf":{"@id":"https:\/\/asgaardrp.com\/#website"},"datePublished":"2021-08-17T15:35:59+00:00","dateModified":"2021-08-17T18:01:27+00:00","description":"Information ang\u00e5ende vores spil f\u00e6llesskab.","breadcrumb":{"@id":"https:\/\/asgaardrp.com\/index.php\/hvad-er-asgaard-gaming-community\/#breadcrumb"},"inLanguage":"da-DK","potentialAction":[{"@type":"ReadAction","target":["https:\/\/asgaardrp.com\/index.php\/hvad-er-asgaard-gaming-community\/"]}]},{"@type":"BreadcrumbList","@id":"https:\/\/asgaardrp.com\/index.php\/hvad-er-asgaard-gaming-community\/#breadcrumb","itemListElement":[{"@type":"ListItem","position":1,"name":"Hjem","item":"https:\/\/asgaardrp.com\/"},{"@type":"ListItem","position":2,"name":"Hvad er Asgaard Gaming Community?"}]},{"@type":"WebSite","@id":"https:\/\/asgaardrp.com\/#website","url":"https:\/\/asgaardrp.com\/","name":"Asgaard Gaming Community","description":"Velkommen til et f\u00e6llesskab med st\u00e6rkt sammenhold!","publisher":{"@id":"https:\/\/asgaardrp.com\/#organization"},"potentialAction":[{"@type":"SearchAction","target":{"@type":"EntryPoint","urlTemplate":"https:\/\/asgaardrp.com\/?s={search_term_string}"},"query-input":{"@type":"PropertyValueSpecification","valueRequired":true,"valueName":"search_term_string"}}],"inLanguage":"da-DK"},{"@type":"Organization","@id":"https:\/\/asgaardrp.com\/#organization","name":"Asgaard Gaming Community","url":"https:\/\/asgaardrp.com\/","logo":{"@type":"ImageObject","inLanguage":"da-DK","@id":"https:\/\/asgaardrp.com\/#\/schema\/logo\/image\/","url":"https:\/\/asgaardrp.com\/wp-content\/uploads\/2021\/08\/cropped-Tri_trans.png","contentUrl":"https:\/\/asgaardrp.com\/wp-content\/uploads\/2021\/08\/cropped-Tri_trans.png","width":500,"height":500,"caption":"Asgaard Gaming Community"},"image":{"@id":"https:\/\/asgaardrp.com\/#\/schema\/logo\/image\/"}}]}},"_links":{"self":[{"href":"https:\/\/asgaardrp.com\/index.php\/wp-json\/wp\/v2\/pages\/12","targetHints":{"allow":["GET"]}}],"collection":[{"href":"https:\/\/asgaardrp.com\/index.php\/wp-json\/wp\/v2\/pages"}],"about":[{"href":"https:\/\/asgaardrp.com\/index.php\/wp-json\/wp\/v2\/types\/page"}],"author":[{"embeddable":true,"href":"https:\/\/asgaardrp.com\/index.php\/wp-json\/wp\/v2\/users\/1"}],"replies":[{"embeddable":true,"href":"https:\/\/asgaardrp.com\/index.php\/wp-json\/wp\/v2\/comments?post=12"}],"version-history":[{"count":3,"href":"https:\/\/asgaardrp.com\/index.php\/wp-json\/wp\/v2\/pages\/12\/revisions"}],"predecessor-version":[{"id":16,"href":"https:\/\/asgaardrp.com\/index.php\/wp-json\/wp\/v2\/pages\/12\/revisions\/16"}],"wp:attachment":[{"href":"https:\/\/asgaardrp.com\/index.php\/wp-json\/wp\/v2\/media?parent=12"}],"curies":[{"name":"wp","href":"https:\/\/api.w.org\/{rel}","templated":true}]}}